)?
47, 61
Let t(h) = 6*h - 7. Let x be t(2). List the prime factors of 7/(-35) - (-16)/x.
3
Suppose -107*l + 1073652 - 406080 = -3278802. List the prime factors of l.
2, 3, 683
Suppose 0 = 226*n - 221*n + 4*u - 101972, 5*n - 101966 = -2*u. What are the prime factors of n?
2, 2549
Suppose -99 = 4*j - 115. Suppose 2*f + 72 = j*o + 5*f, -4*f = 0. Let s = o + -4. What are the prime factors of s?
2, 7
Suppose -3*d = -0 - 15. Suppose 2*a - d*a + 288 = 0. Suppose -6*z = -3*z - a. List the prime factors of z.
2
Let q(j) = 6*j + 10*j - 35 + 18*j + 2*j. Let u be q(6). Suppose 4*b = u + 47. List the prime factors of b.
3, 19
Let n(v) = v**3 + 6*v**2 - 17*v - 14. Let l be n(-12). Let w = 93 + l. What are the prime factors of w/(-63) + 2/(-9)?
3
Let g(s) be the first derivative of 8*s**3 - 10*s**2 - 93*s + 86. List the prime factors of g(-4).
7, 53
Let r(j) = -2*j**2 - j - 47. Let b(a) = a. Let p(y) = 6*b(y) - r(y). What are the prime factors of p(-17)?
2, 11, 23
Suppose -311*d = -254*d - 386289. List the prime factors of d.
3, 251
Suppose -65*h + 81*h - 22240 = 0. Suppose h = t - 4*v - v, -4*v = 2*t - 2780. What are the prime factors of t?
2, 5, 139
Let c(i) = i**3 + 8*i**2 - 15*i - 3. Let r be c(-9). Suppose 0 = 4*p - 2*m - 176, -8*m + r = p - 5*m. Suppose -6*v - p = -11*v. List the prime factors of v.
3
Let w be (1615/5)/(0 + 1). Let l = 341 + w. Suppose -4*c + 0*c = -l. List the prime factors of c.
2, 83
Suppose 0 = -3*k + 5*v + 14394, 5*v = 4*k - 4827 - 14370. List the prime factors of k.
3, 1601
Suppose -4*l = -3*c - 7409 + 1076, 2*c + 3*l = -4222. Let h = -1217 - c. What are the prime factors of h?
2, 3, 149
Let a be (-10)/(-3)*(8 + 4). Let f be 62/(-10) + (-2)/a*-4. List the prime factors of (40/50)/(f/(-465)).
2, 31
Suppose 9*n - 24*n = 0. Suppose -4*f = n, -735 - 5425 = -5*q - 4*f. List the prime factors of q.
2, 7, 11
Suppose 42*n - 2521 = 6677. Let y(x) = -4*x + 4. Let c be y(-9). Let j = n - c. What are the prime factors of j?
179
Suppose 3*z - z - 274 = 0. Suppose -3*n - 498 = -4*w + 50, -n - z = -w. Let b = w - 9. What are the prime factors of b?
2
Suppose -8*v = 520 - 2616. Let j = v - -338. List the prime factors of j.
2, 3, 5
Suppose -5*l - 14*v = -13*v + 1278, 0 = 4*l - 5*v + 1005. Let a = -85 - l. What are the prime factors of a?
2, 5, 17
Suppose 5*w + 25 = 5*v, -25 - 13 = -4*v - 2*w. Suppose -170 = v*z + 262. Let k = -39 - z. What are the prime factors of k?
3, 5
Let y = -540 - -560. Suppose 29*w = y*w + 2232. What are the prime factors of w?
2, 31
Suppose 2*p = 642 + 1960. Let u = -705 + p. What are the prime factors of u?
2, 149
Let t(d) = 7*d**2 + 2. Let x be t(-1). Let s be (3 - 0)/(x*2/1608). Suppose 5*z - 268 = z + 3*p, 4*z = -2*p + s. List the prime factors of z.
67
Let k(o) = -o**3 - 22*o**2 - 30*o - 31. Let b be k(-20). Let v = 435 - b. List the prime factors of v.
2, 3, 37
Suppose 81*c - 82*c + 12 = 0. What are the prime factors of ((-94980)/80)/(c/(-16))?
1583
Let p = 26143 - -16761. What are the prime factors of p?
2, 31, 173
Let j = 221332 - 157820. List the prime factors of j.
2, 17, 467
Suppose -71*v + 479508 = -286440. What are the prime factors of v?
2, 3, 29, 31
Let k(q) = 95*q - 223. List the prime factors of k(12).
7, 131
Let y(u) = -3*u**3 + 5*u**2 - 4*u + 10. Let p = -186 - -181. What are the prime factors of y(p)?
2, 5, 53
Let v = 22 + -24. Let o be (-6)/(-9) + v/(-6). What are the prime factors of (-1)/o*(-1422)/18?
79
Let o(a) = -227*a + 76. Let j be o(-6). Suppose -2*p - 361 = -4*k - 1343, 3*p + k - j = 0. What are the prime factors of p?
13, 37
Suppose -p - 3*v - 84 = 21, 5*p + 4*v = -525. Let x = p + 107. What are the prime factors of -9*x/(-6) + 252/2?
3, 43
Suppose -3*d + 3256 = w + 277, -5*w + 2*d + 14963 = 0. What are the prime factors of w?
3, 997
Let x be (17/2)/((-2)/(-12)). Suppose -2*f + 4*t = -0*f + 84, 0 = 3*f + 2*t + 94. List the prime factors of (-364)/3*x/f.
2, 7, 13
Let w = -134 + 284. Let q = 310 + -303. Let h = q + w. What are the prime factors of h?
157
What are the prime factors of (-18)/(-18)*(345 + 2)?
347
Let q be (3/2)/(-3*(-6)/(-216)). Let k be (640/(-3))/(-1) + q/54. Suppose 15*z + k = 18*z. List the prime factors of z.
71
What are the prime factors of 33/143 + (-4882129)/(-91) + -2?
2, 7, 479
Suppose -7 = -4*t + y + 9, y + 21 = 5*t. Suppose 241 + 2014 = t*r. Suppose 7*c - 1137 = -r. List the prime factors of c.
2, 7
Suppose 31*g = 32*g - 526. Let y = -33 + g. List the prime factors of y.
17, 29
Let l be (-150)/250 + (8152/10)/2. Let g = -388 + l. What are the prime factors of g?
19
Suppose -3*r = -3*t + 172662, 5*t - 5*r - 287782 = -6*r. What are the prime factors of t?
2, 14389
Suppose -98*w - 96040 = -112*w. List the prime factors of w.
2, 5, 7
Let t(b) = -993*b + 9*b**2 + 448*b + 434 + 495*b. List the prime factors of t(11).
7, 139
Suppose -14*n = -23*n + 18. Suppose 5*o - 250 = n*y, 5*o + 2*y + 21 = 291. List the prime factors of o.
2, 13
Let c = 28521 + -9647. What are the prime factors of c?
2, 9437
Suppose 5*f + 468 - 1198 = 0. Suppose 4*b + f = -2*w, -2*w = 5*b + 71 + 76. Let v = w - -108. What are the prime factors of v?
37
Let f(s) = -14 + 86*s**2 - 501*s + 301*s + 245*s + 4*s**3. List the prime factors of f(-20).
2, 743
Let w = 136 - 265. Let v = w + 165. List the prime factors of v.
2, 3
Let c = 33557 + -13854. What are the prime factors of c?
17, 19, 61
Let t = 34 - 34. Suppose 9*w + 6*w - 33840 = t. Suppose 8*z + 0*z = w. List the prime factors of z.
2, 3, 47
Suppose -11*x - 434 = 61. Let d = x - -293. What are the prime factors of d?
2, 31
Let u(q) = -26*q - 229. Let p be u(-9). Suppose -5*d - 5*w = -885, 2*d = p*w + 400 - 74. What are the prime factors of d?
173
Let s = 139 - -32. Let z(g) = -g**3 + 10*g**2 + 40*g - 138. Let n be z(9). Let v = n - s. What are the prime factors of v?
2, 3, 11
Suppose -5*a = 4*k - 111423, -4*a + 5*k - 8*k + 89139 = 0. List the prime factors of a.
3, 17, 19, 23
Suppose 35 = 7*f - 2*f. Let i(v) = v - 4 + 6*v + 3*v - v + 3*v. What are the prime factors of i(f)?
2, 5
Let l be 3*-1*-1 - (11 - 4547). Suppose -14*d + l + 571 = 0. List the prime factors of d.
5, 73
Let p(n) = n**3 + 22*n**2 + 20*n - 15. Let k be p(-21). Let z(q) = 13*q + 54. Let f(r) = -r + 1. Let s(d) = k*f(d) - z(d). What are the prime factors of s(-9)?
3, 41
Suppose 5*h = 6*d - 7*d + 25, -h + 5 = -5*d. Suppose -5*t = 4*v - 276, h*t - 18 = -v + 36. List the prime factors of (30 - 32)/((-1)/v).
2, 37
Let j be 2 + (4 - 9/3). Let a(b) = b**2 + 3*b + 70. Let o be a(0). What are the prime factors of (j*o/63)/((-2)/(-81))?
3, 5
Suppose -54605 = -5*d - 5*x, -3*d - 5*x = -10*x - 32763. List the prime factors of d.
67, 163
List the prime factors of ((-2)/(-11) - (-13284)/(-4455))*-6125.
2, 5, 7
Let s(w) = -10*w + 6. Let m be s(6). List the prime factors of (2 + 291/9)/((-18)/m).
103
What are the prime factors of (267370/8)/((-295)/(-236))?
26737
Suppose 33*s + 40 = 25*s. Let v(i) = -5*i + 2 + 0*i**2 + 3 + 3*i**2 - i**3. What are the prime factors of v(s)?
2, 5, 23
Let j = 13 + -11. Let h be ((-15)/(-10)*j)/(3/131). Let w = -18 + h. List the prime factors of w.
113
Let t(q) be the third derivative of q**5/60 + 25*q**4/24 - 95*q**3/6 - 156*q**2 - 1. List the prime factors of t(24).
23, 47
Let y(g) = 2*g**2 - 16*g - 117. Let c be y(12). Let v = 1425 + c. List the prime factors of v.
2, 3, 13
Suppose 5*c - 2*v - 38801 - 114512 = 0, -v = 3*c - 92001. List the prime factors of c.
5, 6133
Let j(i) = -26*i - 13*i + 6*i - 12 - 5*i. What are the prime factors of j(-8)?
2, 73
Let o(z) = 4 + 10 + 7 + z**2 - 6. Suppose 0 = 9*x - 66 + 3. List the prime factors of o(x).
2
Let f(w) = 77*w - 331 + 107 + 127. What are the prime factors of f(8)?
3, 173
List the prime factors of 6 + 6/(1 - 4) + (-108416)/(-32).
2, 53
Suppose -210*l + 2747096 = 24*l - 22*l. What are the prime factors of l?
2, 11, 19, 31
Suppose 81 = 11*a - 20*a. Let t(m) = 3*m**2 - m + 80. List the prime factors of t(a).
2, 83
List the prime factors of ((-95)/190)/(2/(-12360)).
2, 3, 5, 103
Let m = 61 + -61. Suppose -t + 2 + 5 = 2*d, -2*d + t + 9 = m. Suppose -j + 130 = d*j. What are the prime factors of j?
2, 13
Let j(y) = -13*y - 371. What are the prime factors of j(-115)?
2, 281
What are the prime factors of (-12)/(-18) + (-22906